(-4 + 20)) - (-4 - 1).
22
What is the value of 51 - (20 - -46) - (-2 - -2 - 5)?
-10
What is 4 - 24 - (4 - (7 + -7))?
-24
-27 - ((-39 - -53) + -11)
-30
5 + 31 + -13 - 13
10
Evaluate 5 + -8 - 5 - (-3 + 3 + -1).
-7
What is the value of (-11 - -40 - 3 - -2) + 2?
30
Calculate 45 + (14 - 28) + -19.
12
Evaluate -23 + (0 - -16) + 5.
-2
Calculate 2 + 0 - ((-1 - -34) + -25).
-6
What is the value of -27 + 33 + -29 + 25?
2
Evaluate (-16 - (-16 - -16 - 15)) + 40.
39
Evaluate 8 + 1 - (-200 - -206).
3
Evaluate 11 + -19 - -15 - -9.
16
What is -66 + (8 - (-1 - 30))?
-27
Evaluate 10 + (0 - 11) - 11.
-12
Evaluate 15 + (9 - 27 - -3) + 33.
33
25 + 9 + -31 + 20
23
What is (-3 - 25) + (-4 - (3 + -20))?
-15
Calculate (-2 - (-22 - -14)) + -5.
1
What is -5 + -2 + 8 - (-6 - -8) - 14?
-15
What is the value of -7 - (8 + -15 + -11) - -2?
13
Evaluate 9 + -5 + 11 + -16 + 4 + 7.
10
Evaluate -3 - -19 - 3 - (-12 + -10 + 20).
15
What is 54 + -47 + (-1 - -7) + 1 + -3?
11
Evaluate -1750 + 1763 - ((0 - 0) + 0).
13
What is the value of -6 - (5 - ((6 - 13) + 18))?
0
Evaluate -5 - (-5 + (-15 - (6 + -13))).
8
9 - (0 - (-8 - (-4 - (-3 + 5))))
7
-6 + 10 - (-10 - (5 + (-10 - -3)))
12
What is -34 - ((17 - 43) + -13)?
5
What is the value of -2 + 1 + (-12 + 7 - -15 - 22)?
-13
Evaluate 9 + 2 - (-25 - -57) - (7 + 3).
-31
What is (932 - 956) + (-8 - -1)?
-31
What is the value of -61 - -50 - (-10 + 1)?
-2
What is 0 - ((4 - -1) + 13) - -4?
-14
Evaluate -8 + (1 - 4 - (34 - 59) - -3).
17
-6 - ((-8 - 9) + -1) - 0
12
What is (0 - (-8 - -3)) + (14 - 11 - 18)?
-10
7 + 1 - (-7 - (-6 - -2))
11
Calculate -8 + 4 + 6 + (10 - 23).
-11
Evaluate (12 - (4 + 0)) + 9 + 33 + -70.
-20
What is the value of -11 - (0 - (-3 + 2 - 3))?
-15
What is the value of (-30 + 14 + 2 - -21) + 0?
7
-8 - (6 + -8 - (-2 + 9)) - 11
-10
What is (17 - 14 - (1 + -9)) + -4 + -18?
-11
Evaluate -5 + 16 + 5 + -22 + -10.
-16
Evaluate -14 - -14 - (-2 - 9 - (-7 - -2)).
6
Calculate 7 + -17 + 5 - (0 + 4).
-9
4 - (-8 + (0 - -15))
-3
What is the value of 0 - -20 - (-13 + (4 - -13))?
16
(1 - -6) + 11 + (-11 - (-2 - -12))
-3
Evaluate -33 + -21 + -2 + 46.
-10
-5 + 5 + (22 - ((3 - -1) + -3))
21
Calculate (-9 - 1 - (19 + -19)) + 10.
0
-13 + (14 + -13 - (1 + 1 + -4))
-10
What is -8 + 3 - (70 - 58)?
-17
What is -21 + 3 + -5 + 23?
0
What is the value of (86 - 50) + -25 + 2 + 0 + -23?
-10
-3 - (-15 + (7 - 2) + (22 - 24))
9
What is the value of 35 + (-3 - (6 + -8) - 2) + 1?
33
Evaluate -1 + -14 - (-62 + 46).
1
Evaluate 31 + 5 + -22 - 3.
11
-4 + 0 + -34 + 33 + -9
-14
Evaluate (-1 - 23) + (-589 - -601).
-12
Evaluate -1 - 1 - -2 - (54 - 75).
21
Evaluate -3 + -6 + 27 + -29 - -4.
-7
-53 - (8 + -69) - (-26 - -1)
33
Calculate -1 + (19 - (-17 - -7)) - (2 - -1).
25
Evaluate 11 - (-4 + 7) - (-3 + (-15 - -12)).
14
Evaluate 1 - (-4 + 15 - (-41 + 30)).
-21
Calculate 2 + 10 + (99 - 116).
-5
-4 - (-29 + 11) - 12
2
5 + -28 + (10 - -9)
-4
What is the value of (-140 - -184) + (-27 - 0)?
17
What is (-9 - 0) + -74 + 1 + 62?
-20
-4 + (-9 - (-4 + -4)) + 11
6
What is (-16 - -8) + 14 + (0 - 9)?
-3
0 + (-1 - 6) - (20 - (46 - 4))
15
What is (28 - 22 - -36) + -28?
14
Evaluate (15 - -22) + -21 + -9.
7
24 + (25 - 28) + -24
-3
Calculate 5 + -14 - (-3 - -4).
-10
Evaluate 10 + -3 + 1 - (-51 + 103 + -45).
1
What is 8 + 4 + -9 - -11 - 11?
3
Evaluate 0 - (7 + 2 - 21) - -5.
17
What is (-2 - 8) + (133 - 137)?
-14
Evaluate -15 + 9 + 4 - (-1 + -1 - 3).
3
-21 - (-4 + (-8 - -3) + (29 - 22))
-19
What is -15 + (8 - 4) - (-62 + 30)?
21
What is (13 - 4) + 0 - -8 - 8?
9
Calculate 36 + (-43 - (34 - 42)).
1
5 + 1 + -7 - (-1 - (-12 + 16))
4
What is (7 + (-15 - (-3 - 1)) - 0) + -5?
-9
-2 - (8 - 20 - (-3 - 0))
7
Evaluate 26 - ((-17 - -22) + 34).
-13
19 - ((-11 - -27) + 19)
-16
What is (-16 - -1) + (10 - -1 - (26 + -19))?
-11
What is the value of 15 + -4 + (-44 - (15 + -15))?
-33
Evaluate 13 + -21 + 5 + (-2 - 1) + -2.
-8
(149 - 130) + 5 + -7
17
Calculate (3 - -9 - 3) + 8 + -37.
-20
Evaluate 151 + -140 + (-11 - (-4 - -1)).
3
Calculate (-41 - -37 - 17) + 44.
23
(-3 - 0) + 2 + -8 + 5 + 5
1
What is the value of -15 - (8 + -8 + -6 - (-10 - -2))?
-17
What is 2 + (2 - 15) - (0 + -1)?
-10
-12 - (39 - 56) - 33
-28
Calculate 8 + (-10 - (-1 + (13 - 13))).
-1
What is (-20 - -26) + (0 - 0 - 4) - 7?
-5
Evaluate -5 + 15 + (-3 - (3 - (-1 + 4))).
7
What is the value of 62 + 19 + (-12 - 38)?
31
Calculate 15 + -10 - 2 - (-2 - -9).
-4
Calculate 4 + (-16 - -5) + 8 + -4.
-3
What is the value of -73 + 92 - (2 + 10 - (2 + 0))?
9
-1 + -21 + (13 - 2) - -13
2
-7 - 3 - (4 - 18)
4
What is the value of -39 - -4 - (-5 - (-16 + 15))?
-31
Evaluate (0 + 3 + 2 - (14 - 15)) + -16.
-10
What is the value of (1685 - 1710) + (4 + -2 - 2)?
-25
What is the value of 7 + (15 - 3) + -12 + 9?
16
Calculate -6 + -17 - -6 - -3.
-14
-8 + (-3 - -1 - (20 + -26)) + -3
-7
-5 + 0 - (2 - 7) - (-12 + 31)
-19
Evaluate (23 - (54 + -19)) + 14.
2
What is 5 - (30 + -27) - 19?
-17
Evaluate -9 + 13 + 3 + (0 - 6).
1
(0 - -1) + 31 + -41 + (-3 - -13)
1
What is the value of (-5 - 5) + -2 + 2 + 26 + -25?
-9
Evaluate (-1 - -6) + (-8 - -6 - (7 - 5)).
1
What is -92 + 89 - (-2 + 3)?
-4
What is 4 - (12 - (4 - 1))?
-5
Calculate (-19 - -17) + (16 - (6 - 3)).
11
What is 7 + -2 + -40 + 0 + 13?
-22
What is 13 - (18 + -22) - 46?
-29
-7 - (1 - 3 - -29 - (103 - 92))
-23
What is -2 - (-2 + -3 - 0 - -6) - -13?
10
Calculate 10 - -9 - (2 - -12) - -9.
14
What is the value of 1 - (-5 + 1) - (-17 + 29 + -12)?
5
Evaluate -12 + (2 + 24 - (-26 + 36)).
4
(41 - 14) + -18 - (3 - -2)
4
(10 - -5 - 3) + 0
12
What is -1 + 6 + (-4 - -7) - (-3 - -6)?
5
What is (-10 - (8 + -9)) + 3 - -23?
17
What is the value of -16 + 0 - (-2 - 5) - -9?
0
What is -8 + (-2 - (-8 + (6 - 7))) + 6?
5
-22 + 39 + -23 - 8
-14
Evaluate -15 + 2 + (-591 - -576).
-28
(-6 + 5 + -6 - 0) + 6 - -20
19
What is the value of -2 + 3 + (3 - 3) - (1 - 0)?
0
Evaluate -12 - (19 - (-2 + 1 - -10)).
-22
What is the value of (-581 - -544) + (1 - 0) + 12?
-24
Calculate (-22 - (-4 - 7)) + -13 + 6.
-18
Calculate 2 + 8 + -18 + 4 - -3.
-1
Evaluate (141 - 144) + 13 + (-1 - 1).
8
What is the value of 28 + -37 + -40 + 42?
-7
What is (-2 - 0) + -2 + (28 - 29) + -7?
-12
Evaluate -41 + 2 - (-8 + 22 - 23).
-30
Evaluate 15 + (13 - (11 - -11)).
6
25 + (-12 - 24) + (3 - 0)
-8
(-5 - (-10 - -19 - 11)) + -39 - -7
-35
What is (13 - -2) + -25 + 21?
11
What is -11 + 5 + -3 - -19 - 12?
-2
What is -2 - (-7 + -6 + 1 + 2)?
8
What is the value of (-207 - -201) + (3 - 3) + 6?
0
What is (-49 - -28) + -5 + 26?
0
Calculate -40 + 33 - (-5 + -1) - (-9 - -1).
7
What is 18 + -15 + -1 - (2 + 4)?
-4
Calculate -5 + -9 + (2 - -1) + -5.
-16
What is (-5 - (-8 + (2 - 3))) + -5?
-1
Calculate -2 + -3 - (-74 + 73).
-4
What is the value of -4 - (-18 + -2 - -9)?
7
What is (79 - 84) + (-11 - 3) + -3?
-22
Evaluate 24 - (-5 - 2 - -23).
8
What is the value of (16 - -4 - 11) + 3 + -27?
-15
What is the value of (-2 - 1) + -7 + -6 + (1 - -5)?
-10
What is -16 - (-24 + 54 + -42)?
-4
10 + -7 - (-22 + 28 - -10)
-13
Evaluate (9 - (23 - -4)) + 10 + -4.
-12
-2 + (-6 - -16 - (3 + 3 + -4))
6
What is the value of -6 + (-13 - (0 - 12))?
-7
What is the value of 0 + (20 - 8) + -10?
2
17 + -23 + 58 + -26
26
-5 + -4 + -2 + -11 + 21
-1
0 - 21 - (-67 - -33)
13
What is (-7 - 10) + 11 + 11 - (-3 + -1)?
9
(3 + -1 - -1) + -1 + (1 - -3)
6
Calculate -3 - -3 - ((-2 - 17) + 11) - -8.
16
Calculate 35 + (50 - 16) + -66.
3
Calculate 5 - -3 - (33 - 45 - (-1 - 10)).
9
Calculate -7 + -10 - (30 + -33).
-14
Evaluate 1 + -6 + (3 - (22 + -11 + -10)).
-3
-10 + (10 - ((0 - 2) + 0 + -6))
8
Evaluate -6 + (19 - (-12 + 17)).
8
What is the value of (13 - 0 - 20) + -10?
-17
(17 - 15) + -3 + -7 + 9
1
-58 + 71 + 5 + -3 + -35
-20
What is the value of -2 + 47 + 423 + -444?
24
(29 + (1 - 18) - -2) + 2
16
(6 - 22) + 8 + 5 + 1 + -2
-4
What is -16 + 12 + 1 - -9?
6
What is 29 - 33 - (13 + -32 + 0 + 0)?
15
Evaluate -1 + (-8 - 1) - (-46 - -45).
-9
What is the value of (-7 - (-13 + 6) - 5) + 8 - -5?
8
Evaluate -1 + 19 + (-66 - -33) + 30.
15
Evaluate 11 - (-6 - (0 + -6 - -8 - 14)).
5
Evaluate -44 + (-31 - -50) - (2 - 17).
-10
What is -8 + 34 + 2 + -11 + -7?
10
What is the value of (6 - (7 + -5 + -6)) + -25?
-15
Evaluate 8 + 3 + -8 + 13 + -2.
14
Calculate 17 - (10 - (-11 - 5)).
-9
37 + 1 - (1805 + -1746)
-21
What is 26 + (17 - 45 - -26)?
24
7 + 10 + -3 + 